e?
True
Is 31743571 a composite number?
True
Is 13383967 prime?
True
Is 213909793 composite?
True
Is 2940221 a prime number?
False
Is 21953143 composite?
False
Is 643247 a prime number?
False
Is 617257387 prime?
True
Is 2299877 composite?
True
Is 929303 composite?
False
Is 5342237 a composite number?
False
Is 77846437 composite?
False
Is 11899607 a composite number?
True
Is 42328379 a composite number?
False
Is 14785583 composite?
False
Is 95268997 a prime number?
True
Is 422408717 prime?
True
Is 84473681 a prime number?
False
Is 769207 prime?
True
Is 574437407 a prime number?
False
Is 1112549 a prime number?
True
Is 8811091 a prime number?
False
Is 25448827 a prime number?
True
Is 595906 a composite number?
True
Is 4151453 a composite number?
True
Is 3374251 a prime number?
True
Is 1494151 composite?
False
Is 5250589 prime?
False
Is 4216829 composite?
True
Is 65604191 prime?
True
Is 1189159 prime?
True
Is 1060901659 a prime number?
True
Is 590911 prime?
False
Is 44274661 a prime number?
True
Is 25709623 composite?
False
Is 6776269 a composite number?
False
Is 300279139 composite?
False
Is 677669543 a composite number?
False
Is 13175299 composite?
False
Is 281169509 composite?
False
Is 825328079 prime?
True
Is 1519967 prime?
True
Is 15603923 a prime number?
True
Is 1929985 composite?
True
Is 1023941 a composite number?
False
Is 13309631 a prime number?
False
Is 1895939 prime?
True
Is 9135062 a composite number?
True
Is 120507505 composite?
True
Is 8877719 prime?
True
Is 7197617 a prime number?
False
Is 36679499 a composite number?
False
Is 54894493 composite?
True
Is 351577 composite?
True
Is 137274307 a composite number?
False
Is 20480365 prime?
False
Is 1242061 composite?
False
Is 4515713 a composite number?
True
Is 9502435 composite?
True
Is 8275517 composite?
True
Is 2570063 composite?
True
Is 4104127 a prime number?
True
Is 119394151 a prime number?
False
Is 63484513 a prime number?
False
Is 5738911 prime?
False
Is 24309059 composite?
False
Is 26825135 composite?
True
Is 1786321 a prime number?
False
Is 1676090069 a prime number?
True
Is 73794505 prime?
False
Is 220596107 prime?
True
Is 1071994213 composite?
True
Is 27069449 a composite number?
True
Is 32334011 a prime number?
True
Is 300017 a composite number?
False
Is 113891 a composite number?
False
Is 788551 composite?
True
Is 40795607 a prime number?
True
Is 3831397 prime?
False
Is 166875607 a composite number?
False
Is 659072639 composite?
False
Is 37871 a composite number?
False
Is 23547883 a prime number?
False
Is 6787273 prime?
True
Is 3619093 a composite number?
False
Is 524679 prime?
False
Is 50278951 prime?
False
Is 7930457 composite?
False
Is 32005277 composite?
False
Is 268648021 prime?
False
Is 65603095 prime?
False
Is 12062533 a composite number?
True
Is 790147 prime?
False
Is 314792249 composite?
False
Is 131891 a prime number?
True
Is 1833995711 a composite number?
False
Is 24439487 a composite number?
False
Is 36748199 prime?
True
Is 221822633 a composite number?
False
Is 5644594 a composite number?
True
Is 13720727 composite?
True
Is 6763129 a prime number?
True
Is 18832769 prime?
False
Is 144383579 a composite number?
False
Is 1611860089 a composite number?
True
Is 96782027 a prime number?
True
Is 44154239 prime?
True
Is 2367767 a composite number?
False
Is 15372782 prime?
False
Is 4992661 prime?
True
Is 166842241 a composite number?
False
Is 15089986 a composite number?
True
Is 247584115 composite?
True
Is 327797 a prime number?
True
Is 13212673 prime?
False
Is 308129 composite?
False
Is 639416981 composite?
True
Is 3785771 a composite number?
True
Is 47383415 prime?
False
Is 56631581 composite?
False
Is 8005603 a composite number?
False
Is 15973469 prime?
True
Is 7028657 a prime number?
True
Is 335080153 prime?
True
Is 38229779 prime?
False
Is 20029637 a composite number?
True
Is 44418799 a composite number?
True
Is 2190661 prime?
False
Is 37751261 composite?
False
Is 231799 composite?
False
Is 366444961 prime?
True
Is 69070151 a prime number?
False
Is 146045122 composite?
True
Is 8758573 a composite number?
False
Is 255712687 prime?
False
Is 308989 prime?
True
Is 5825517 a composite number?
True
Is 670157903 prime?
True
Is 8846627 composite?
False
Is 28975723 a composite number?
True
Is 165815929 a composite number?
False
Is 22065029 a prime number?
False
Is 6586649 a composite number?
False
Is 775343 composite?
False
Is 14087617 composite?
True
Is 78253369 composite?
False
Is 16938667 prime?
True
Is 4368239 composite?
False
Is 174638047 prime?
False
Is 167730341 prime?
True
Is 121026397 composite?
True
Is 42571411 a composite number?
False
Is 6797013 composite?
True
Is 12893081 composite?
True
Is 638592887 prime?
False
Is 14749219 prime?
False
Is 232064429 a composite number?
False
Is 137880583 a composite number?
True
Is 40185193 a composite number?
True
Is 7382513 composite?
True
Is 481421 a composite number?
True
Is 4546123 a composite number?
True
Is 256273877 a prime number?
False
Is 666429871 composite?
True
Is 16770457 prime?
False
Is 177978881 a composite number?
False
Is 548913545 a prime number?
False
Is 947933813 composite?
False
Is 9620581 a composite number?
False
Is 526755211 a composite number?
True
Is 31840217 a composite number?
False
Is 111689251 composite?
True
Is 24173503 a composite number?
True
Is 122273489 a prime number?
False
Is 23143741 a composite number?
False
Is 1127713 a prime number?
False
Is 10602041 a prime number?
True
Is 154202171 a composite number?
True
Is 7595057 a prime number?
True
Is 223981 composite?
True
Is 36225649 a prime number?
True
Is 200218835 a prime number?
False
Is 92893 a prime number?
True
Is 345856417 a composite number?
True
Is 32901007 prime?
True
Is 6833 a composite number?
False
Is 71701759 prime?
True
Is 18694761 composite?
True
Is 1889779 composite?
True
Is 31990669 prime?
True
Is 91272061 a prime number?
True
Is 25298439 a prime number?
False
Is 2792616341 composite?
False
Is 170834431 a prime number?
False
Is 26728081 prime?
True
Is 3535999 composite?
True
Is 5699431 composite?
False
Is 3735911 composite?
False
Is 14469491 a composite number?
True
Is 107042041 a composite number?
False
Is 1591861 a composite number?
True
Is 79650041 a prime number?
False
Is 1492421 prime?
False
Is 50432647 a composite number?
True
Is 32320285 a composite number?
True
Is 91494761 a prime number?
False
Is 4108497 prime?
False
Is 6140573 prime?
False
Is 5832147 composite?
True
Is 2984173 composite?
True
Is 4172981 a prime number?
True
Is 5202111 a composite number?
True
Is 142976921 composite?
True
Is 102518089 composite?
False
Is 19120201 a prime number?
True
Is 413979991 prime?
True
Is 50539591 a prime number?
False
Is 20911087 a composite number?
False
Is 109806197 composite?
False
Is 5141293 prime?
False
Is 11998927 a prime number?
True
Is 49654139 a composite number?
False
Is 4708157 a composite number?
True
Is 18837985 a composite number?
True
Is 9931583 a prime number?
True
Is 26619469 a prime number?
True
Is 1937357 composite?
True
Is 76196501 prime?
True
Is 1248727 a prime number?
False
Is 5368771 a composite number?
False
Is 278947 composite?
False
Is 135306517 a composite number?
True
Is 25922713 prime?
True
Is 1075615 prime?
False
Is 15357597 prime?
False
Is 147335053 a composite number?
False
Is 129948997 prime?
True
Is 3693139 composite?
True
Is 3536627 a composite number?
False
Is 22429493 prime?
True
Is 1373171 composite?
True
Is 12566527 prime?
False
Is 188808581 prime?
False
Is 12205859 composite?
True
Is 7305473 prime?
False
Is 2769787 composite?
False
Is 167787089 a composite number?
True
Is 517438777 a composite number?
False
Is 103059227 a composite number?
True
Is 3215923 composite?
False
Is 16803511 a composite number?
False
Is 3075061 composite?
True
Is 2010451 a prime number?
True
Is 15659422 prime?
False
Is 3890417 a composite number?
False
Is 480013 composite?
False
Is 496534823 a prime number?
True
Is 400927 composite?
False
Is 3685021 a prime number?
True
Is 69900569 prime?
False
Is 1653851 a prime number?
False
Is 95762027 a prime number?
True
Is 22154263 a composite number?
False
Is 68359561 prime?
False
Is 10764661 a composite number?
False
Is 20946931 composite?
False
Is 37257277 a p